 2*s - 3*s - 33 = 0, -4*h + 3*s + 31 = 0. Let t(b) = -8*b - 10*b - h + 16*b. Determine t(0).
-7
Suppose 89 - 19 = 35*v. Let g(l) = 2340*l + 3*l**v - 2349*l - 5 - 2*l**2. Determine g(8).
-13
Let b(w) = w - 20*w**2 + 34*w**2 + w**3 + 10 - 7*w**2. Let u be b(-7). Let f(z) = -2*z**2 + 4*z + 1. Give f(u).
-5
Let g = 16095 - 16136. Let t(a) = -a**3 - 41*a**2 + a + 68. Give t(g).
27
Let z(b) = 8*b - 55. Let f = 1811 + -1805. Calculate z(f).
-7
Let j(m) = -3*m**2 + 26*m + 253. Let f(h) = 4*h**2 - 31*h - 338. Let u(r) = 7*f(r) + 9*j(r). Calculate u(-21).
-5
Let q(n) = -n**2 - 21*n + 48. Let i be q(-23). Let r(g) = -4 - 6*g + 5*g + g**3 + 26*g**i - 20*g**2 + 6*g. What is r(-5)?
-4
Let j(x) be the third derivative of x**4/3 + 19*x**3/3 - 68*x**2 - x - 2. Calculate j(-3).
14
Let v(b) = -b**2 - 2 + 5 + 1 - 6*b. Suppose -130 = -113*g + 139*g. Calculate v(g).
9
Let p(n) = -5069 - n**2 + 5202 - 276*n + 268*n. What is p(-17)?
-20
Let v(k) be the third derivative of -k**4/6 + 8*k**3 + 1494*k**2. Calculate v(14).
-8
Let w be 9 - (8 + -3 - 22/(-11)). Let h(m) = -5*m - 2. Calculate h(w).
-12
Suppose -o = -1 + 3. Let a(r) = -18 + 0 + r + 46 - 28 - 5*r. What is a(o)?
8
Let w(y) = -29*y + 8. Let v = -19141 - -19143. What is w(v)?
-50
Let c(i) = -2*i - 2. Suppose -119*z + 123*z = 1516. Suppose 3*o - z = -367. Calculate c(o).
-10
Let t(d) = -579*d - 20854. Let h be t(-36). Let o(j) = -33*j - 320. Calculate o(h).
10
Let p be (-1)/7*(-273)/13. Suppose 0 = -2*m + 4*m + 4*r + 6, -p*m + 1 = -4*r. Let i(n) be the second derivative of 8*n**3/3 + n. Determine i(m).
-16
Let p(y) = -6*y**3 + y**2 - 2*y - 3. Let o be p(0). Let s(h) = 2*h**3 + 7*h**2 + 2*h - 2. Calculate s(o).
1
Let d(t) = 36*t - 880. Let k be d(25). Let m(q) = 2*q**2 - 43*q + 47. Give m(k).
-13
Let t be (9/6)/((3 + 2)/260). Let c be 34/(-6) + t/117. Let k(l) = -3*l + 0 + 5 - 2 + l**3 + 2 + 4*l**2. Determine k(c).
-5
Let c(s) = s**2 + 3 - 3 + s + 1 - 2*s**2. Suppose -5*b = -10, 21*z - 26*z - 7 = -b. What is c(z)?
-1
Let v(j) = 6 - 3*j + 0 + 9*j + j**2. Suppose -67*k + 52*k + 195 = 0. Suppose 0 = k*l - 79 + 157. Determine v(l).
6
Suppose -2*b - 41 = -5*r - 2, 0 = 2*r + b - 12. Let p(n) = 11*n**2 + 4*n + 5. Let j(i) = -5*i**2 - 2*i - 2. Let l(y) = r*j(y) + 3*p(y). Give l(-2).
-3
Let y(t) = -t**3 + 12*t**2 - 10*t - 5. Suppose 8*g + 12*g + 91 = 311. What is y(g)?
6
Let u be (-1 + -21)*(7 + 75/(-10)). Suppose u*w + 15 = 26*w. Let c(d) = -25*d - 1. Give c(w).
-26
Let l(g) = 4*g + 5 - 4*g + g. Suppose -150*t - 1115 = 87*t - 14*t. Give l(t).
0
Let w(l) = -52*l**2 + 122 - 86*l**2 - 22 - 24*l + 137*l**2. Give w(-28).
-12
Let u(v) = v**3 - 6*v**2 + 2*v + 13. Suppose 2*f - 5 = -p, 4*f - 11 - 14 = p. What is u(f)?
-2
Let z = -339 + 345. Let a(n) = 5*n - 1. Let b(h) = h - 1. Let y(j) = z*b(j) - a(j). What is y(5)?
0
Let d = -7976 + 7974. Let l(o) = 2*o**3 - 4*o + 3. Determine l(d).
-5
Let w = -102 + 87. Let q be (-5 - 78/w) + 276/20. Let f(z) = -z + 4. Determine f(q).
-10
Let s(v) = 58*v + 5. Suppose -35*r = 39*r + 64*r - 138. What is s(r)?
63
Let v(t) be the third derivative of 7*t**4/3 - 721*t**3/6 + 7*t**2 - 137*t. Calculate v(13).
7
Let q be (4/8)/((1/10)/(-1)). Let t(w) = -w**2 + 3*w - 2. Give t(q).
-42
Let v(f) = -f**2 - 5*f - 6. Suppose -2*u + 4*q - 7*q + 57 = 0, 83 = 3*u + 5*q. Suppose -12*s = -18*s - u. Calculate v(s).
-12
Suppose 0 = 4*x - 5*j - 2, -9*x = -7*x + 4*j - 14. Let r(v) = 2*v - 4. Let h be r(x). Let t(q) = -h*q**2 + q**3 + 3*q**3 - 8*q**3 + q**3. What is t(-2)?
16
Suppose 0 = -5*n + 17 + 28. Let h be (n/6)/((-18)/(-60)). Let l(i) = -7 + i + 2*i - 2*i. Give l(h).
-2
Let u(b) = -3*b + 53. Let s = 14814 - 14798. What is u(s)?
5
Let v(i) = 7*i**2 + 2*i - 60. Let o(p) = -p**2 - p + 1. Let c(j) = 6*o(j) + v(j). What is c(-5)?
-9
Let q(b) = -15 + 5 + 6*b - 3*b + 9 + 11. What is q(7)?
31
Let r be -5 - (9 + -20 + -3). Let c(i) = i**3 - 10*i**2 + 12*i - 13. Calculate c(r).
14
Let n(w) = -16*w - 32. Let m = 8441 - 8444. Give n(m).
16
Let x(w) = -23*w - 15. Let z be x(0). Let q(s) = -7*s**2 - 21*s + 19. Let a(b) = 5*b**2 + 19*b - 18. Let f(r) = -3*a(r) - 2*q(r). What is f(z)?
16
Let j(m) = 22*m**3 + 20*m - 12. Let z(o) = -19*o**3 - 18*o + 11. Let t(f) = 6*j(f) + 7*z(f). Give t(2).
-15
Let l = -1990 + 1350. Let k be (-1 - (-6)/4)/((-5)/l). Let t(h) = -k*h**2 + h**3 + 8 - 59*h**2 + 123*h**2. What is t(0)?
8
Suppose -526*c = -511*c - 120. Let m(b) = b**3 - 9*b**2 + 13*b - 14. What is m(c)?
26
Let o = -12 + 5. Let q(b) = b**2 - 274*b + 1. Let u(c) = -5*c**2 + 1089*c - 5. Let y(l) = -4*q(l) - u(l). Give y(o).
1
Let s(p) be the second derivative of p**5/20 + p**4/8 + p**3/3 - p. Let q(z) be the second derivative of s(z). Suppose 121*g - 45*g + 228 = 0. Determine q(g).
-15
Let n = -154 - -157. Let q(v) = -n*v + 6*v - 14 - v - v. What is q(10)?
-4
Let i(w) = 6*w - 10. Suppose -8*l + 5*l = -3*b + 9, -2*b + 4 = -4*l. What is i(b)?
14
Let h(v) be the first derivative of 3*v**2/2 + 97. Suppose y + 11 = -3*g, -13 = 5*y + 2*g - 10. Give h(y).
3
Let i(g) be the third derivative of g**6/120 + g**5/30 - 11*g**4/24 - 2*g**2 - 1051*g. What is i(-5)?
-20
Let h(m) = m - 2. Let l be h(4). Let q(n) = -2*n**3 + l - 5*n**2 - 1 + n**3 + 2 + n. Let f be (5/2)/((-2)/(-1 + 5)). Determine q(f).
-2
Let r(k) = k**3 + 17*k**2 + 23*k + 13. Let y = 5754 + -5770. Give r(y).
-99
Let u(b) = -13*b + 1. Suppose 5*o - m = -17, 3 = -2*o - 2*m + 1. Let p be ((-24)/(-20))/o*(-20)/(-8). What is u(p)?
14
Let n(t) = t**3 - 11*t**2 - 11*t - 4. Let w be ((-23)/46)/(5/(-122)) - (-24)/(-20). What is n(w)?
-125
Let v(x) = x - 5. Let i be v(-16). Let q be 9/i + (-3)/(-7). Let l(a) be the third derivative of a**4/24 - 7*a**3/6 - 17*a**2. Give l(q).
-7
Let p(s) be the first derivative of -s**4/24 + s**3/2 + 7*s**2 + 3*s - 49. Let a(y) be the second derivative of p(y). Calculate a(0).
3
Let d(x) be the first derivative of x**4/12 + x**3 - 3*x**2/2 - 152*x - 36. Let t(c) be the first derivative of d(c). Let v = -1 + -4. Calculate t(v).
-8
Let x(c) = 234 - 11*c**2 - c**3 - 486 + 253 - 15*c - 4*c**2. Calculate x(-14).
15
Suppose -46*k = -0*k + 22632. Let l = k + 495. Let i(f) = -2 - 6*f + f**2 + 2*f + 3. What is i(l)?
-2
Let r(q) be the first derivative of -q**5/30 - q**3/6 + 2*q**2 + 13*q + 98. Let s(u) be the second derivative of r(u). Determine s(-1).
-3
Let r be 1/(4 - (-13)/(-3)). Let x(o) = -7*o + 15. Let j be x(r). Suppose -8*d = 28 + j. Let c(q) = -q**2 - 9*q - 6. What is c(d)?
2
Let d(o) = -5 + 4*o**2 + 5*o**2 - 11*o**2 - 17*o - 3. Let g = 26627 - 26635. Calculate d(g).
0
Let t(r) = 87*r + 57. Let b be t(4). Let f = b - 402. Let a(k) = -k**3 + 2*k**2 + k + 2. Give a(f).
-4
Let s be (6/4 + 2 - 1)*2. Suppose 0 = -s*m - 20 - 5. Let f(v) = v + 6. What is f(m)?
1
Let n(q) = -395*q - 1950. Let w be n(-5). Let h(s) = -s - 61. Give h(w).
-86
Let m(g) = -28*g**3 + 47*g**2 + 61*g + 71. Let f(p) = -66*p**3 + 95*p**2 + 127*p + 141. Let n(u) = -3*f(u) + 7*m(u). Determine n(-21).
-10
Let o be (-2 + (3 - 5))*(-9 + (-204)/(-24)). Let n(i) = 0 + 3 - 5 + 3*i**2. Give n(o).
10
Let w(g) be the first derivative of 4*g**3 + 5/4*g**4 - 5*g + 12 - 3*g**2. Let o(a) = -a**3 - a**2 + a. Let n(x) = -6*o(x) - w(x). Give n(6).
5
Let q = -6989 + 6986. Let s(z) = 2*z**2 + 10*z + 17. Determine s(q).
5
Let q(g) = -9*g - 13. Let c(x) = -3*x + 6. Let i(o) = 3*o + 1. Let z(u) = -c(u) - 3*i(u). Let d(p) = 5*q(p) - 7*z(p). Determine d(-1).
1
Let w be ((-116)/87)/(1/3). Let h(y) = -y + 1. Let o(q) = -q**2 + 5*q - 2. Let m(v) = w*h(v) - o(v). What is m(-4)?
18
Let s(h) = h + 24107 - 12065 - 14*h - 12059. What is s(-3)?
22
Let r be 2*2*14/8. Let c(d) = 5*d - 33. Let h(a) = a + 31. Let q(l) = 26. Let m(n) = -2*h(n) + 3*q(n). Let b(z) = r*m(z) + 3*c(z). Calculate b(-7).
6
Let h = -39 + 42. Suppose 64 = -h*v + 19*v. Let g(b) = b**3 - 3*b**2 - b - 2. Give g(v).
10
Let l = -21 + 24. Let p(t) = 5*t - 9 - 101*t**2 + t**l + 0*t**3 + 94*t**2 + 0. What is p(7)?
26
Let n = -751 - -843. Let o(i) = 46*i - 4 + 45*i - n*i. Calculate o(-10).
6
Let x(t) = 9*t - 39. Let z(f) = -5*f**3 + 24*f**2 - 11*f - 16. Let y be z(4). Calculate x(y).
-3
Suppose 3*j + 2 = -238. Let v = j + 82. Let m(w) = 3 - 4*w - 32*w**2 + 13*w + 33*w**v. What is m(-7)?
-11
Let w be 13/2 + (-2)/4. Let a = -49 - -54. Let s(y) = 4*y - 10 + a - 3*y + y. 